{"id":67,"date":"2020-08-16T22:38:25","date_gmt":"2020-08-16T22:38:25","guid":{"rendered":"http:\/\/www.tahdotko.fi\/?page_id=67"},"modified":"2024-02-24T14:50:29","modified_gmt":"2024-02-24T11:50:29","slug":"etusivu","status":"publish","type":"page","link":"https:\/\/tahdotko.fi\/","title":{"rendered":"Naimisiin! Mutta miten?"},"content":{"rendered":"<h2>Naimisiin! Mutta miten?<\/h2>\n<p style=\"text-align: justify;\">Kun kaksi ihmist\u00e4 p\u00e4\u00e4tt\u00e4\u00e4 solmia avioliiton, heid\u00e4n on my\u00f6s p\u00e4\u00e4tett\u00e4v\u00e4, miten he haluavat menn\u00e4 naimisiin. Kirkossa vai virastossa, pirtiss\u00e4, pihamaalla vai suurissa saleissa? Ihan kaksin vaan, vai juhlav\u00e4en ymp\u00e4r\u00f6im\u00e4n\u00e4? Vihkimisajan, -tavan ja -paikan suunnitteluun voi liitty\u00e4 suuria tunteita ja toiveita.<\/p>\n<p style=\"text-align: justify;\">Siviilivihkimisten suosio on vuosien kuluessa tasaisesti kasvanut. Moni siviilih\u00e4\u00e4t valitseva pari astuu avioliittoon joko k\u00e4r\u00e4j\u00e4oikeudessa tai sitten jossakin Digi- ja v\u00e4est\u00f6tietoviraston toimipisteess\u00e4, joita ennen maistraateiksi kutsuttiin.<\/p>\n<p style=\"text-align: justify;\">Paljon on kuitenkin my\u00f6s niit\u00e4, jotka toivovat saavansa vihkij\u00e4n paikan p\u00e4\u00e4lle ja vihkiseremonian osaksi itse h\u00e4\u00e4juhlaa. T\u00e4llaisetkin toiveet voivat olla kesken\u00e4\u00e4n hyvin erilaisia: ehk\u00e4 halutaan olla ykk\u00f6set p\u00e4\u00e4ll\u00e4 kauniisti koristellulla juhlapaikalla, ehk\u00e4 rennosti t-paitapiknikill\u00e4 l\u00e4hipuistossa.<\/p>\n<p style=\"text-align: justify;\">Vihkihetken todellinen merkitys ei ole sidottu ulkoisiin tekij\u00f6ihin. Jokainen pari valitsee itselleen sopivimman tavan viett\u00e4\u00e4 h\u00e4it\u00e4\u00e4n.<\/p>\n<p style=\"text-align: justify;\">T\u00e4m\u00e4 sivusto on tarkoitettu sek\u00e4 hy\u00f6dyksi ett\u00e4 huviksi, kun suunnitellaan juhlapaikalla (olipa se sitten maalaiskartano tai oma olohuone) tapahtuvaa vihkiseremoniaa. Vihkiblogeja, samoin kuin avioliiton solmimiseen liittyv\u00e4\u00e4 virallisinformaatiota, l\u00f6ytyy netist\u00e4 onneksi helposti. Kovin moni vihkimisi\u00e4 tehnyt ei liene kuitenkaan ajatuksiaan muiden n\u00e4ht\u00e4ville kirjannut.<\/p>\n<p style=\"text-align: justify;\">Olen itse havainnut, ett\u00e4 vihkipareja voivat askarruttaa varsin monet asiat. Siisp\u00e4 yleisen informaation, hyv\u00e4ksi havaittujen vinkkien ja kokemusper\u00e4isen tiedon kokoaminen yhteen paikkaan my\u00f6s t\u00e4\u00e4lt\u00e4 kansion toiselta puolelta tuntui j\u00e4rkev\u00e4lt\u00e4.<\/p>\n<p style=\"text-align: justify;\">Paikan nimeksi valikoitui <em>Tahdotko\u00a0<\/em>sen kuuluisan kysymyksen mukaan, jonka vihkij\u00e4 vihkiparille esitt\u00e4\u00e4.<\/p>\n<figure><em><img loading=\"lazy\" decoding=\"async\" src=\"https:\/\/tahdotko.fi\/wp-content\/uploads\/2020\/08\/S-ja-P-1024x605.jpg\" sizes=\"(max-width: 900px) 100vw, 900px\" srcset=\"https:\/\/tahdotko.fi\/wp-content\/uploads\/2020\/08\/S-ja-P-1024x605.jpg 1024w, https:\/\/tahdotko.fi\/wp-content\/uploads\/2020\/08\/S-ja-P-300x177.jpg 300w, https:\/\/tahdotko.fi\/wp-content\/uploads\/2020\/08\/S-ja-P-768x454.jpg 768w, https:\/\/tahdotko.fi\/wp-content\/uploads\/2020\/08\/S-ja-P.jpg 1079w\" alt=\"\" width=\"900\" height=\"532\" \/><\/em><figcaption><em>(Kuva: Tero Pakkala)<\/em><\/figcaption><\/figure>\n","protected":false},"excerpt":{"rendered":"<p>Naimisiin! Mutta miten? Kun kaksi ihmist\u00e4 p\u00e4\u00e4tt\u00e4\u00e4 solmia avioliiton, heid\u00e4n on my\u00f6s p\u00e4\u00e4tett\u00e4v\u00e4, miten he haluavat menn\u00e4 naimisiin. Kirkossa vai virastossa, pirtiss\u00e4, pihamaalla vai suurissa saleissa? Ihan kaksin vaan, vai juhlav\u00e4en ymp\u00e4r\u00f6im\u00e4n\u00e4? Vihkimisajan, -tavan ja -paikan suunnitteluun voi liitty\u00e4 suuria tunteita ja toiveita. Siviilivihkimisten suosio on vuosien kuluessa tasaisesti kasvanut. Moni siviilih\u00e4\u00e4t valitseva pari astuu [&hellip;]<\/p>\n","protected":false},"author":1,"featured_media":150,"parent":0,"menu_order":0,"comment_status":"closed","ping_status":"closed","template":"","meta":{"footnotes":""},"_links":{"self":[{"href":"https:\/\/tahdotko.fi\/index.php?rest_route=\/wp\/v2\/pages\/67"}],"collection":[{"href":"https:\/\/tahdotko.fi\/index.php?rest_route=\/wp\/v2\/pages"}],"about":[{"href":"https:\/\/tahdotko.fi\/index.php?rest_route=\/wp\/v2\/types\/page"}],"author":[{"embeddable":true,"href":"https:\/\/tahdotko.fi\/index.php?rest_route=\/wp\/v2\/users\/1"}],"replies":[{"embeddable":true,"href":"https:\/\/tahdotko.fi\/index.php?rest_route=%2Fwp%2Fv2%2Fcomments&post=67"}],"version-history":[{"count":30,"href":"https:\/\/tahdotko.fi\/index.php?rest_route=\/wp\/v2\/pages\/67\/revisions"}],"predecessor-version":[{"id":473,"href":"https:\/\/tahdotko.fi\/index.php?rest_route=\/wp\/v2\/pages\/67\/revisions\/473"}],"wp:featuredmedia":[{"embeddable":true,"href":"https:\/\/tahdotko.fi\/index.php?rest_route=\/wp\/v2\/media\/150"}],"wp:attachment":[{"href":"https:\/\/tahdotko.fi\/index.php?rest_route=%2Fwp%2Fv2%2Fmedia&parent=67"}],"curies":[{"name":"wp","href":"https:\/\/api.w.org\/{rel}","templated":true}]}}